 when q is divided by 35?
34
Let i(g) = -g**3 - 15*g**2 - 31*g - 5. Let y be i(-13). Suppose 7*v - v - y = 0. What is the remainder when 44 is divided by v?
4
Suppose 32*b - 35*b = -3. Calculate the remainder when (-3)/b - (-150 + 5) is divided by 18.
16
Suppose 0 = a + 2*a - 9. Suppose 6 = -g + a*s, 2*g - s + 6 = 3*g. Suppose -2*w = -g*w + 12. What is the remainder when w is divided by 3?
0
Let u = -14 - -29. What is the remainder when 45 is divided by -11 + u + 0 + 20?
21
Let l = 56 + 38. Let f = l + -56. What is the remainder when f is divided by 7?
3
Let v be (-8)/(-10)*30/12. Let t be (0 - (-4)/4) + v. Suppose 25 = -t*f + 8*f. Calculate the remainder when 7 is divided by f.
2
Suppose 3*t - 253 = -1. Suppose -s = -2*d + 32, s = 3*d - 0 - 49. Calculate the remainder when t is divided by d.
16
Let f be (4 - 0)*(-4)/(-8). Suppose 19 = o - 4*j - 40, 3*j = 5*o - 278. Calculate the remainder when o is divided by (76/(-20))/(f/(-10)).
17
Let b be (-7)/((-7)/(-6))*8/(-16). Suppose -b*u = 3*t - 11 - 16, -2*t + 30 = 5*u. Calculate the remainder when 6 is divided by u.
2
Let j(a) = 22*a**2 - 99. What is the remainder when j(-8) is divided by 57?
55
Let m = -6 - 23. Let n = m - -33. Calculate the remainder when 9 is divided by n.
1
Suppose 0 = 5*p - 150. Suppose -5*i + 95 = 5*b, i - 2*i + 31 = 5*b. What is the remainder when p is divided by i?
14
Let m = 1 - 1. Suppose 34 = -m*z + 2*z. Calculate the remainder when 66 is divided by z.
15
Suppose 44*b - 7144 = -3*b. What is the remainder when b is divided by 89?
63
Let k(q) = -8*q**3 + 1. Calculate the remainder when 213 is divided by k(-1).
6
Suppose 0*v - v = -2*s + 3, -4*s + v = -9. Suppose -5*n + 323 = 2*c, -s*c - n - 4*n = -497. Calculate the remainder when c is divided by 44.
42
Suppose -3*l = -l - 78. Let x(m) = 33*m - 45. What is the remainder when x(6) is divided by l?
36
What is the remainder when 245 is divided by (-219 - 0)/(-13 + 10)?
26
What is the remainder when (-7)/(-21) + 826/6 is divided by 60?
18
Let p(l) = -l**2 + 27*l - 103. Calculate the remainder when p(18) is divided by 30.
29
Suppose -15070 = 18*q - 28*q. Calculate the remainder when q is divided by 58.
57
Suppose -5*r + 750 = -2*s, 5*s - 120 = 2*r - 420. Let m = -1855 - -1893. Calculate the remainder when r is divided by m.
36
Let g(f) = -18*f**2 - f. Let w be g(-2). What is the remainder when (2 + 4/(-10))/((-2)/w) is divided by 19?
18
Let k(i) = -2*i**2 + 37*i - 47. Calculate the remainder when 25 is divided by k(17).
1
Suppose -133 = 2*i - 849. Calculate the remainder when i is divided by 72.
70
Let w = 731 + -564. What is the remainder when w is divided by 5?
2
Let w = 675 + -641. What is the remainder when 61 is divided by w?
27
Suppose 5*l - 2 = -3*h, 5*h + l = 27 + 13. Calculate the remainder when 161 is divided by h.
8
Suppose 7*w + 15 = 12*w. Suppose 144 = 6*d + w*d. Let i(c) = 5*c + 5. Calculate the remainder when i(5) is divided by d.
14
Let i = -255 + 311. What is the remainder when 160 is divided by i?
48
Calculate the remainder when (18/30)/((-4)/20) - -1424 is divided by 79.
78
Suppose -n = 4*d - 107, 0 = -n - 4*d + 9*d + 71. Suppose 0*y + 93 = 3*y. Calculate the remainder when n is divided by y.
29
Let i(y) = -6*y + 5. Calculate the remainder when 161 is divided by i(-1).
7
Suppose 3*l = 96 - 51. Let a(u) = u**3 - 3*u**2 + 2*u - 3. Calculate the remainder when a(5) is divided by l.
12
Suppose -k + 21 = -0*k + 2*r, -3*k = -3*r - 54. Let y(c) = -75*c**3 + 2*c + 74*c**3 + 37 + c**2 - c. What is the remainder when y(0) is divided by k?
18
What is the remainder when 4*(126/567 + 2522/72) is divided by 49?
43
Let h = 1999 - 1663. What is the remainder when h is divided by 110?
6
Let z = -457 + 477. Calculate the remainder when 34 is divided by z.
14
Suppose 0 = 2*v - 0 - 2. Suppose -6*z = -3*z + 5*d + v, 4*z + 2*d = 8. Let f(o) = -12*o**3 - o. Calculate the remainder when f(-1) is divided by z.
1
Let c = -25 - -64. Let q = -1 + c. Calculate the remainder when q is divided by 10.
8
Suppose -13*j + 14*j + h - 70 = 0, 2*j = 4*h + 116. What is the remainder when (-14)/(((-6)/2)/42) is divided by j?
64
Suppose -77*y + 10*y + 2814 = 0. What is the remainder when y is divided by (-1)/(2/(-48)) - 2?
20
Let i = -223 - -140. Let t = i - -226. What is the remainder when t is divided by 29?
27
Suppose -4*p - 2*d + 2316 = 0, 8*p = 3*p + 2*d + 2904. Suppose 3*a + 46 = p. What is the remainder when a is divided by 46?
40
Let f = -31 - 19. Let z = -35 - f. What is the remainder when 117 is divided by z?
12
Let z be -2*(39/(-6) + -1). Suppose -b + 5*l = -0*b - 13, 4*l + 8 = 0. What is the remainder when b is divided by z/(-35) - (-72)/21?
0
Suppose 2*p - 134 = -4*z, 3*p - 3*z - 193 - 53 = 0. Let m = 130 - p. What is the remainder when m is divided by 11?
9
Let u = -483 - -776. Suppose 0 = -4*o - 25 + u. Calculate the remainder when o is divided by 23.
21
Suppose -4958 = -39*p + 2*p. What is the remainder when p is divided by 35?
29
What is the remainder when 68 is divided by 1463/154 + 5/2 + -1?
2
Let u(f) = f**2 + f - 1. Let h(x) = -8*x**2 - 4*x + 8. Let y(v) = -h(v) - 6*u(v). What is the remainder when y(5) is divided by 20?
18
Suppose -2*i + 3*f = -19, f = i - 2*i + 17. Let k = i - 9. Suppose 4*a + k*o - 24 = 0, -4*a + 19 = 3*o - 5. Calculate the remainder when 23 is divided by a.
5
Let f = -4 - -9. Suppose 5*d - 5*x - 85 = 0, -67 - 24 = -f*d - x. What is the remainder when (315/(-3))/(6/(-4)) is divided by d?
16
Let a(f) = f**3 + 20*f**2 + 22*f - 30. Let x be a(-16). Suppose -2042 = -8*q - x. Calculate the remainder when q is divided by 22.
21
Let j(c) = c**3 - 21*c**2 + 8*c + 113. Calculate the remainder when j(21) is divided by 72.
65
Let q = 75 + -72. Suppose -2*v + 165 = v. Calculate the remainder when v is divided by q.
1
Suppose -3*i + 79 = 4*k, 6*i + 19 = k + 7*i. Suppose -65 = k*h - 197. What is the remainder when h is divided by 5?
1
Let t = 53 - 53. Suppose t = -s - l - l + 35, 3*s = 2*l + 73. Let u = 25 + -18. What is the remainder when s is divided by u?
6
Suppose -d + 5*w + 114 = 0, 3*w = -34*d + 29*d + 710. Calculate the remainder when d is divided by 16.
11
Let z(p) = 47*p - 81. What is the remainder when z(3) is divided by 9?
6
Suppose 0*t + 3*t = 4*o - 382, -2*o = -3*t - 188. Suppose o = 3*r - r - f, 5*r - 5*f - 235 = 0. Calculate the remainder when r is divided by 15.
5
Let z(o) = -435*o + 1315. Suppose -j + 2*j - 37 = 0. What is the remainder when j is divided by z(3)?
7
Let n(p) be the third derivative of -p**5/60 - 5*p**4/6 - 25*p**3/6 + 30*p**2. Calculate the remainder when 97 is divided by n(-15).
47
Suppose 2*o + 0*i - 121 = -3*i, -9 = 3*i. Calculate the remainder when o is divided by 35.
30
Suppose -4 = -i + 5*b + 16, -2*i - 5*b = -10. Suppose -42 = -a - i. Suppose 0 = -4*p + 203 + 169. Calculate the remainder when p is divided by a.
29
Suppose -2*u = -u - 7. Let v(p) = -p**3 + 7*p**2 + 12*p - 6. Let g be (-104)/(-12) - 4/6. What is the remainder when v(g) is divided by u?
5
Suppose 4*r - 47 = 81. Let l(s) = 12*s + 9. Let i be l(7). Suppose 0 = -j + i - r. Calculate the remainder when j is divided by 21.
19
Suppose -4*n + 65 = v, -3*n - 4*v - 1 = -66. Let h be -1 + 5 + -14 + n. Suppose 3*j + 30 = h*j. Calculate the remainder when 58 is divided by j.
13
Suppose 0 = -3*m + 52 + 5. Let w = 315 - 311. Calculate the remainder when m is divided by w.
3
Let q = 330 + -296. Let s = -39 - -68. Let d = -11 + s. Calculate the remainder when q is divided by d.
16
Let s = -2352 + 2982. Calculate the remainder when s is divided by 208.
6
Suppose -3*l + 42 = 3*f, -5*l + 2 = -f - 10*l. Let y = f + 24. Calculate the remainder when y is divided by 9.
6
Suppose 0 = -2*m - 4*h + 42, 0 = 4*m - 5*h + 15 - 60. Calculate the remainder when m is divided by 6.
3
What is the remainder when 282/4 + 3/6 is divided by -2 - 99/(-36) - (-69)/4?
17
Let r(m) = -11*m - 137. Let z(s) = -2*s - 1. What is the remainder when z(-15) is divided by r(-14)?
12
Let v(u) = u**2 - 4. Let o be v(0). Calculate the remainder when 363 is divided by 1 + (1 - o) + 55.
58
Let i(q) = q**2 - 69*q + 468. Calculate the remainder when 739 is divided by i(7).
25
Suppose 4047 = 65*j + 1512. What is the remainder when 146/(-6)*(-15)/5 is divided by j?
34
What 